 divisor of 396 and 229212.
36
What is the highest common factor of 476 and 5032?
68
Calculate the greatest common factor of 798 and 2926.
266
What is the greatest common divisor of 2586 and 60340?
862
What is the greatest common factor of 626 and 263233?
313
What is the highest common factor of 405256 and 283?
283
What is the greatest common divisor of 1039145 and 123?
41
Calculate the highest common divisor of 4635 and 135445.
515
Calculate the greatest common divisor of 15882 and 2.
2
Calculate the greatest common divisor of 240 and 870.
30
What is the highest common factor of 36165 and 330?
15
What is the highest common factor of 4295 and 755?
5
Calculate the highest common divisor of 1932 and 240396.
276
Calculate the greatest common divisor of 54009 and 3.
3
Calculate the highest common divisor of 148 and 50579.
37
Calculate the greatest common divisor of 153992 and 8.
8
Calculate the greatest common factor of 80604 and 36.
36
What is the greatest common divisor of 17550 and 157275?
675
Calculate the greatest common factor of 63899 and 3034.
37
Calculate the highest common factor of 447952 and 32.
16
Calculate the highest common divisor of 962 and 52494.
26
Calculate the greatest common divisor of 5950 and 198275.
175
What is the greatest common factor of 108 and 97272?
36
What is the highest common factor of 155 and 184109?
31
What is the greatest common divisor of 1791656 and 16?
8
Calculate the greatest common divisor of 22352 and 1904.
16
What is the highest common divisor of 407600 and 1600?
400
Calculate the greatest common divisor of 1458 and 13014.
54
What is the highest common divisor of 418053 and 2526?
1263
Calculate the highest common factor of 2040 and 295545.
255
What is the greatest common factor of 11 and 377333?
11
What is the greatest common factor of 446 and 752402?
446
Calculate the greatest common divisor of 36438 and 474.
6
Calculate the greatest common factor of 10875 and 1015.
145
What is the greatest common factor of 5486 and 10550?
422
Calculate the greatest common factor of 300 and 6240.
60
What is the greatest common factor of 8032 and 7279?
251
What is the highest common divisor of 9116 and 4028?
212
Calculate the highest common factor of 14637 and 14.
7
What is the greatest common divisor of 3969 and 217?
7
Calculate the highest common divisor of 22 and 15613202.
22
Calculate the highest common divisor of 255 and 77820.
15
Calculate the greatest common divisor of 2968 and 104728.
424
What is the highest common factor of 8726769 and 9?
9
Calculate the greatest common divisor of 5427 and 1134.
81
Calculate the greatest common divisor of 190 and 9234.
38
Calculate the greatest common divisor of 26682 and 132.
6
What is the highest common factor of 11600 and 190?
10
Calculate the greatest common divisor of 1368 and 24282.
342
Calculate the highest common factor of 72 and 327330.
18
Calculate the greatest common factor of 11325 and 975.
75
What is the highest common factor of 14 and 24094?
14
What is the greatest common factor of 64 and 45664?
32
What is the greatest common factor of 119650 and 7?
1
Calculate the highest common divisor of 14 and 819826.
14
Calculate the greatest common factor of 121892 and 186.
62
What is the greatest common divisor of 2988 and 108?
36
Calculate the highest common factor of 313998 and 236.
118
Calculate the greatest common factor of 49 and 2639.
7
What is the greatest common factor of 63459 and 10256?
641
What is the greatest common factor of 48227 and 131377?
1663
What is the greatest common factor of 72471 and 380103?
1479
Calculate the greatest common divisor of 1911 and 260.
13
Calculate the greatest common divisor of 3960 and 1998480.
1320
Calculate the greatest common factor of 55 and 1408.
11
What is the highest common factor of 2346625 and 125?
125
Calculate the greatest common factor of 23797 and 477.
53
Calculate the greatest common divisor of 49755 and 60.
15
What is the highest common factor of 2750 and 332250?
250
What is the highest common divisor of 96 and 13116?
12
What is the greatest common factor of 70657 and 1?
1
Calculate the highest common factor of 1072 and 2747.
67
Calculate the highest common divisor of 636282 and 162.
54
Calculate the greatest common factor of 8524 and 1.
1
Calculate the highest common factor of 71558 and 296.
74
Calculate the greatest common divisor of 1533326 and 367.
367
What is the highest common divisor of 29080 and 160?
40
What is the highest common factor of 406 and 248038?
14
What is the highest common divisor of 157 and 86?
1
What is the greatest common factor of 37133 and 3479?
71
What is the highest common factor of 2321 and 41877?
11
What is the greatest common divisor of 108797 and 1469?
13
What is the highest common divisor of 639696 and 624?
48
Calculate the greatest common divisor of 28 and 193.
1
Calculate the greatest common factor of 62546 and 22.
22
Calculate the highest common divisor of 302200 and 80.
40
What is the highest common divisor of 446445 and 135?
135
What is the highest common factor of 537 and 351?
3
What is the highest common divisor of 1950085 and 740?
185
What is the greatest common factor of 572 and 135564?
572
What is the greatest common divisor of 161 and 22379?
161
What is the greatest common factor of 62089 and 145?
29
Calculate the highest common factor of 181489 and 2387.
77
What is the highest common factor of 1320 and 70840?
440
What is the highest common divisor of 9024 and 12126?
282
Calculate the greatest common factor of 5611982 and 426.
142
What is the highest common divisor of 884 and 51935?
221
Calculate the highest common factor of 659 and 90.
1
What is the greatest common factor of 1275 and 90151?
17
Calculate the greatest common divisor of 160 and 45.
5
Calculate the greatest common divisor of 105582 and 42.
6
What is the greatest common factor of 20352 and 341744?
848
What is the greatest common divisor of 123 and 3939?
3
Calculate the greatest common divisor of 542475 and 45.
45
What is the greatest common divisor of 15 and 18885?
15
Calculate the greatest common divisor of 3237 and 132353.
13
What is the greatest common divisor of 5372 and 151364?
316
Calculate the highest common divisor of 120497 and 93.
31
What is the greatest common divisor of 22097 and 6137?
19
What is the greatest common factor of 1316 and 67221?
7
Calculate the greatest common divisor of 8341 and 1007.
19
What is the highest common factor of 21424 and 1147523?
1339
Calculate the highest common factor of 2920 and 2774.
146
What is the greatest common factor of 8920 and 440?
40
Calculate the greatest common divisor of 192 and 906840.
24
Calculate the greatest common divisor of 2800 and 91.
7
Calculate the highest common factor of 86736 and 39.
39
Calculate the greatest common factor of 612 and 841704.
204
Calculate the highest common divisor of 1630 and 10106.
326
Calculate the greatest common divisor of 7786 and 15674.
34
Calculate the greatest common divisor of 17653 and 75057.
127
Calculate the highest common divisor of 4550 and 637.
91
Calculate the highest common divisor of 3621 and 864.
3
What is the greatest common divisor of 69 and 106490?
23
What is the greatest common factor of 23043965 and 245?
245
Calculate the greatest common divisor of 2120280 and 120.
120
What is the highest common factor of 1746583 and 232?
29
Calculate the highest common factor of 2017387 and 9927.
1103
Calculate the highest common factor of 8260 and 112.
28
Calculate the greatest common factor of 28000 and 42.
14
What is the highest common factor of 42 and 1055586?
42
What is the highest common divisor of 25544 and 19902?
62
Calculate the highest common divisor of 421209 and 204.
51
What is the highest common factor of 1247946 and 301?
301
What is the highest common divisor of 103 and 112579?
103
What is the greatest common divisor of 1012 and 11247?
23
Calculate the greatest common divisor of 10825 and 9959.
433
What is the greatest common factor of 246 and 10284?
6
What is the greatest common divisor of 50677 and 748?
187
What is the highest common divisor of 51402 and 129823?
659
Calculate the highest common divisor of 105212 and 87.
29
What is the greatest common divisor of 836 and 164?
4
What is the greatest common